{"id":29,"date":"2019-12-13T12:50:32","date_gmt":"2019-12-13T12:50:32","guid":{"rendered":"https:\/\/cooperyacht808705550.wordpress.com\/?page_id=6"},"modified":"2019-12-13T12:50:32","modified_gmt":"2019-12-13T12:50:32","slug":"home","status":"publish","type":"page","link":"https:\/\/enkhuizensloephajo.hu\/","title":{"rendered":"Home"},"content":{"rendered":"\t\t<div data-elementor-type=\"wp-page\" data-elementor-id=\"29\" class=\"elementor elementor-29\">\n\t\t\t\t\t\t<section class=\"elementor-section elementor-top-section elementor-element elementor-element-4cab3266 elementor-section-boxed elementor-section-height-default elementor-section-height-default\" data-id=\"4cab3266\" data-element_type=\"section\">\n\t\t\t\t\t\t<div class=\"elementor-container elementor-column-gap-default\">\n\t\t\t\t\t<div class=\"elementor-column elementor-col-100 elementor-top-column elementor-element elementor-element-75212bb3\" data-id=\"75212bb3\" data-element_type=\"column\">\n\t\t\t<div class=\"elementor-widget-wrap elementor-element-populated\">\n\t\t\t\t\t\t<div class=\"elementor-element elementor-element-170633e1 elementor-widget elementor-widget-text-editor\" data-id=\"170633e1\" data-element_type=\"widget\" data-widget_type=\"text-editor.default\">\n\t\t\t\t<div class=\"elementor-widget-container\">\n\t\t\t\t\t\t\t\t\t\n<p class=\"has-text-align-center\" style=\"font-size: 22px;\">R\u00e9g\u00f3ta v\u00e1gysz r\u00e1, hogy csendben, benzing\u0151zt\u0151l mentesen vagy a vitorl\u00e1z\u00e1s neh\u00e9zs\u00e9gei n\u00e9lk\u00fcl szelhesd a Balaton viz\u00e9t? Akkor ne keress tov\u00e1bb.<\/p>\n\n<p class=\"has-text-align-center has-custom-weight\" style=\"font-size: 22px; font-weight: normal;\">Elektromos haj\u00f3ink k\u00e9nyelmes kikapcsol\u00f3d\u00e1si lehet\u0151s\u00e9get ny\u00fajtanak ak\u00e1r 8-10 f\u0151 sz\u00e1m\u00e1ra. Bonts ki egy beh\u0171t\u00f6tt \u00fcveg bort az asztal k\u00f6r\u00fcl \u00fclve, \u00e9s \u00e9lvezd az es\u0151 illat\u00e1t a beh\u00fazhat\u00f3 s\u00e1tor al\u00f3l, miel\u0151tt \u00e1lomra hajtan\u00e1d a fejed a t\u00e1gas kabinban.<\/p>\n\t\t\t\t\t\t\t\t<\/div>\n\t\t\t\t<\/div>\n\t\t\t\t\t<\/div>\n\t\t<\/div>\n\t\t\t\t\t<\/div>\n\t\t<\/section>\n\t\t\t\t<section class=\"elementor-section elementor-top-section elementor-element elementor-element-2e4f0b5 elementor-section-boxed elementor-section-height-default elementor-section-height-default\" data-id=\"2e4f0b5\" data-element_type=\"section\">\n\t\t\t\t\t\t<div class=\"elementor-container elementor-column-gap-default\">\n\t\t\t\t\t<div class=\"elementor-column elementor-col-33 elementor-top-column elementor-element elementor-element-f939ce7\" data-id=\"f939ce7\" data-element_type=\"column\">\n\t\t\t<div class=\"elementor-widget-wrap elementor-element-populated\">\n\t\t\t\t\t\t<div class=\"elementor-element elementor-element-1810d2a elementor-widget elementor-widget-image\" data-id=\"1810d2a\" data-element_type=\"widget\" data-widget_type=\"image.default\">\n\t\t\t\t<div class=\"elementor-widget-container\">\n\t\t\t\t\t\t\t\t\t\t\t\t\t\t\t\t<a href=\"https:\/\/hajotabalatonra.hu\/enkhuizen-580\/\">\n\t\t\t\t\t\t\t<img fetchpriority=\"high\" decoding=\"async\" width=\"750\" height=\"1000\" src=\"https:\/\/enkhuizensloephajo.hu\/wp-content\/uploads\/2020\/02\/IMG_3961-768x1024.jpg\" class=\"attachment-large size-large wp-image-847\" alt=\"\" srcset=\"https:\/\/enkhuizensloephajo.hu\/wp-content\/uploads\/2020\/02\/IMG_3961-768x1024.jpg 768w, https:\/\/enkhuizensloephajo.hu\/wp-content\/uploads\/2020\/02\/IMG_3961-225x300.jpg 225w, https:\/\/enkhuizensloephajo.hu\/wp-content\/uploads\/2020\/02\/IMG_3961-1152x1536.jpg 1152w, https:\/\/enkhuizensloephajo.hu\/wp-content\/uploads\/2020\/02\/IMG_3961-1536x2048.jpg 1536w, https:\/\/enkhuizensloephajo.hu\/wp-content\/uploads\/2020\/02\/IMG_3961-scaled.jpg 1920w\" sizes=\"(max-width: 750px) 100vw, 750px\" \/>\t\t\t\t\t\t\t\t<\/a>\n\t\t\t\t\t\t\t\t\t\t\t\t\t\t\t<\/div>\n\t\t\t\t<\/div>\n\t\t\t\t<div class=\"elementor-element elementor-element-e70a37d elementor-widget elementor-widget-text-editor\" data-id=\"e70a37d\" data-element_type=\"widget\" data-widget_type=\"text-editor.default\">\n\t\t\t\t<div class=\"elementor-widget-container\">\n\t\t\t\t\t\t\t\t\t<p>Enkhuizen 580 Tender<\/p>\t\t\t\t\t\t\t\t<\/div>\n\t\t\t\t<\/div>\n\t\t\t\t<div class=\"elementor-element elementor-element-4ea6e60 elementor-widget elementor-widget-image\" data-id=\"4ea6e60\" data-element_type=\"widget\" data-widget_type=\"image.default\">\n\t\t\t\t<div class=\"elementor-widget-container\">\n\t\t\t\t\t\t\t\t\t\t\t\t\t\t\t\t<a href=\"https:\/\/hajotabalatonra.hu\/enkhuizen-680-tender\/\">\n\t\t\t\t\t\t\t<img decoding=\"async\" width=\"750\" height=\"857\" src=\"https:\/\/enkhuizensloephajo.hu\/wp-content\/uploads\/2020\/02\/IMG-20200110-WA0006v2.jpg\" class=\"attachment-large size-large wp-image-1111\" alt=\"\" srcset=\"https:\/\/enkhuizensloephajo.hu\/wp-content\/uploads\/2020\/02\/IMG-20200110-WA0006v2.jpg 768w, https:\/\/enkhuizensloephajo.hu\/wp-content\/uploads\/2020\/02\/IMG-20200110-WA0006v2-262x300.jpg 262w\" sizes=\"(max-width: 750px) 100vw, 750px\" \/>\t\t\t\t\t\t\t\t<\/a>\n\t\t\t\t\t\t\t\t\t\t\t\t\t\t\t<\/div>\n\t\t\t\t<\/div>\n\t\t\t\t<div class=\"elementor-element elementor-element-bd7c104 elementor-widget elementor-widget-text-editor\" data-id=\"bd7c104\" data-element_type=\"widget\" data-widget_type=\"text-editor.default\">\n\t\t\t\t<div class=\"elementor-widget-container\">\n\t\t\t\t\t\t\t\t\t<p>Enkhuizen 680 Tender<\/p>\t\t\t\t\t\t\t\t<\/div>\n\t\t\t\t<\/div>\n\t\t\t\t\t<\/div>\n\t\t<\/div>\n\t\t\t\t<div class=\"elementor-column elementor-col-33 elementor-top-column elementor-element elementor-element-cf71ad2\" data-id=\"cf71ad2\" data-element_type=\"column\">\n\t\t\t<div class=\"elementor-widget-wrap elementor-element-populated\">\n\t\t\t\t\t\t<div class=\"elementor-element elementor-element-ebc926f elementor-widget elementor-widget-image\" data-id=\"ebc926f\" data-element_type=\"widget\" data-widget_type=\"image.default\">\n\t\t\t\t<div class=\"elementor-widget-container\">\n\t\t\t\t\t\t\t\t\t\t\t\t\t\t\t\t<a href=\"https:\/\/hajotabalatonra.hu\/enkhuisen-630-tender\/\">\n\t\t\t\t\t\t\t<img decoding=\"async\" width=\"750\" height=\"1000\" src=\"https:\/\/enkhuizensloephajo.hu\/wp-content\/uploads\/2020\/02\/IMG_3578-768x1024.jpg\" class=\"attachment-large size-large wp-image-953\" alt=\"\" srcset=\"https:\/\/enkhuizensloephajo.hu\/wp-content\/uploads\/2020\/02\/IMG_3578-768x1024.jpg 768w, https:\/\/enkhuizensloephajo.hu\/wp-content\/uploads\/2020\/02\/IMG_3578-225x300.jpg 225w, https:\/\/enkhuizensloephajo.hu\/wp-content\/uploads\/2020\/02\/IMG_3578-1152x1536.jpg 1152w, https:\/\/enkhuizensloephajo.hu\/wp-content\/uploads\/2020\/02\/IMG_3578-1536x2048.jpg 1536w, https:\/\/enkhuizensloephajo.hu\/wp-content\/uploads\/2020\/02\/IMG_3578-scaled.jpg 1920w\" sizes=\"(max-width: 750px) 100vw, 750px\" \/>\t\t\t\t\t\t\t\t<\/a>\n\t\t\t\t\t\t\t\t\t\t\t\t\t\t\t<\/div>\n\t\t\t\t<\/div>\n\t\t\t\t<div class=\"elementor-element elementor-element-ea017f5 elementor-widget elementor-widget-text-editor\" data-id=\"ea017f5\" data-element_type=\"widget\" data-widget_type=\"text-editor.default\">\n\t\t\t\t<div class=\"elementor-widget-container\">\n\t\t\t\t\t\t\t\t\t<p>Enkhuizen 630 Tender<\/p>\t\t\t\t\t\t\t\t<\/div>\n\t\t\t\t<\/div>\n\t\t\t\t<div class=\"elementor-element elementor-element-622992d elementor-widget elementor-widget-image\" data-id=\"622992d\" data-element_type=\"widget\" data-widget_type=\"image.default\">\n\t\t\t\t<div class=\"elementor-widget-container\">\n\t\t\t\t\t\t\t\t\t\t\t\t\t\t\t\t<a href=\"https:\/\/hajotabalatonra.hu\/enkhuizen-744-tender\/\">\n\t\t\t\t\t\t\t<img loading=\"lazy\" decoding=\"async\" width=\"750\" height=\"858\" src=\"https:\/\/enkhuizensloephajo.hu\/wp-content\/uploads\/2020\/02\/2013-06-15-11.59.43v2.jpg\" class=\"attachment-large size-large wp-image-1110\" alt=\"\" srcset=\"https:\/\/enkhuizensloephajo.hu\/wp-content\/uploads\/2020\/02\/2013-06-15-11.59.43v2.jpg 839w, https:\/\/enkhuizensloephajo.hu\/wp-content\/uploads\/2020\/02\/2013-06-15-11.59.43v2-262x300.jpg 262w, https:\/\/enkhuizensloephajo.hu\/wp-content\/uploads\/2020\/02\/2013-06-15-11.59.43v2-768x879.jpg 768w\" sizes=\"(max-width: 750px) 100vw, 750px\" \/>\t\t\t\t\t\t\t\t<\/a>\n\t\t\t\t\t\t\t\t\t\t\t\t\t\t\t<\/div>\n\t\t\t\t<\/div>\n\t\t\t\t<div class=\"elementor-element elementor-element-1808151 elementor-widget elementor-widget-text-editor\" data-id=\"1808151\" data-element_type=\"widget\" data-widget_type=\"text-editor.default\">\n\t\t\t\t<div class=\"elementor-widget-container\">\n\t\t\t\t\t\t\t\t\t<p>Enkhuizen 744 Tender<\/p>\t\t\t\t\t\t\t\t<\/div>\n\t\t\t\t<\/div>\n\t\t\t\t\t<\/div>\n\t\t<\/div>\n\t\t\t\t<div class=\"elementor-column elementor-col-33 elementor-top-column elementor-element elementor-element-d158e6d\" data-id=\"d158e6d\" data-element_type=\"column\">\n\t\t\t<div class=\"elementor-widget-wrap elementor-element-populated\">\n\t\t\t\t\t\t<div class=\"elementor-element elementor-element-2be165d elementor-widget elementor-widget-image\" data-id=\"2be165d\" data-element_type=\"widget\" data-widget_type=\"image.default\">\n\t\t\t\t<div class=\"elementor-widget-container\">\n\t\t\t\t\t\t\t\t\t\t\t\t\t\t\t\t<a href=\"https:\/\/hajotabalatonra.hu\/enkhuizen-744-cruiser\/\">\n\t\t\t\t\t\t\t<img loading=\"lazy\" decoding=\"async\" width=\"750\" height=\"1000\" src=\"https:\/\/enkhuizensloephajo.hu\/wp-content\/uploads\/2020\/02\/IMG-20200110-WA0016.jpg\" class=\"attachment-large size-large wp-image-1019\" alt=\"\" srcset=\"https:\/\/enkhuizensloephajo.hu\/wp-content\/uploads\/2020\/02\/IMG-20200110-WA0016.jpg 751w, https:\/\/enkhuizensloephajo.hu\/wp-content\/uploads\/2020\/02\/IMG-20200110-WA0016-225x300.jpg 225w\" sizes=\"(max-width: 750px) 100vw, 750px\" \/>\t\t\t\t\t\t\t\t<\/a>\n\t\t\t\t\t\t\t\t\t\t\t\t\t\t\t<\/div>\n\t\t\t\t<\/div>\n\t\t\t\t<div class=\"elementor-element elementor-element-d872934 elementor-widget elementor-widget-text-editor\" data-id=\"d872934\" data-element_type=\"widget\" data-widget_type=\"text-editor.default\">\n\t\t\t\t<div class=\"elementor-widget-container\">\n\t\t\t\t\t\t\t\t\t<p>Enkhuizen 744 Cruiser<\/p>\t\t\t\t\t\t\t\t<\/div>\n\t\t\t\t<\/div>\n\t\t\t\t\t<\/div>\n\t\t<\/div>\n\t\t\t\t\t<\/div>\n\t\t<\/section>\n\t\t\t\t<section class=\"elementor-section elementor-top-section elementor-element elementor-element-bc8e546 elementor-section-boxed elementor-section-height-default elementor-section-height-default\" data-id=\"bc8e546\" data-element_type=\"section\">\n\t\t\t\t\t\t<div class=\"elementor-container elementor-column-gap-default\">\n\t\t\t\t\t<div class=\"elementor-column elementor-col-50 elementor-top-column elementor-element elementor-element-745bcda\" data-id=\"745bcda\" data-element_type=\"column\">\n\t\t\t<div class=\"elementor-widget-wrap elementor-element-populated\">\n\t\t\t\t\t\t<div class=\"elementor-element elementor-element-a109c9b elementor-widget elementor-widget-text-editor\" data-id=\"a109c9b\" data-element_type=\"widget\" data-widget_type=\"text-editor.default\">\n\t\t\t\t<div class=\"elementor-widget-container\">\n\t\t\t\t\t\t\t\t\t<p style=\"padding-left: 40px;\">K\u00e9rd\u00e9sed van? Sz\u00edvesen seg\u00edt\u00fcnk!<\/p>\t\t\t\t\t\t\t\t<\/div>\n\t\t\t\t<\/div>\n\t\t\t\t\t<\/div>\n\t\t<\/div>\n\t\t\t\t<div class=\"elementor-column elementor-col-50 elementor-top-column elementor-element elementor-element-6278e7f\" data-id=\"6278e7f\" data-element_type=\"column\">\n\t\t\t<div class=\"elementor-widget-wrap elementor-element-populated\">\n\t\t\t\t\t\t<div class=\"elementor-element elementor-element-9a594d4 elementor-widget elementor-widget-button\" data-id=\"9a594d4\" data-element_type=\"widget\" data-widget_type=\"button.default\">\n\t\t\t\t<div class=\"elementor-widget-container\">\n\t\t\t\t\t\t\t\t\t<div class=\"elementor-button-wrapper\">\n\t\t\t\t\t<a class=\"elementor-button elementor-button-link elementor-size-sm\" href=\"https:\/\/enkhuizensloep.wpcomstaging.com\/uzenet\/\">\n\t\t\t\t\t\t<span class=\"elementor-button-content-wrapper\">\n\t\t\t\t\t\t\t\t\t<span class=\"elementor-button-text\">\u00dczenetet \u00edrok!<\/span>\n\t\t\t\t\t<\/span>\n\t\t\t\t\t<\/a>\n\t\t\t\t<\/div>\n\t\t\t\t\t\t\t\t<\/div>\n\t\t\t\t<\/div>\n\t\t\t\t\t<\/div>\n\t\t<\/div>\n\t\t\t\t\t<\/div>\n\t\t<\/section>\n\t\t\t\t<\/div>\n\t\t","protected":false},"excerpt":{"rendered":"<p>R\u00e9g\u00f3ta v\u00e1gysz r\u00e1, hogy csendben, benzing\u0151zt\u0151l mentesen vagy a vitorl\u00e1z\u00e1s neh\u00e9zs\u00e9gei n\u00e9lk\u00fcl szelhesd a Balaton viz\u00e9t? Akkor ne keress tov\u00e1bb.&#x2026; <\/p>\n<p class=\"more-link-container th-text-xs th-links-inherit th-uppercase\"><a href=\"https:\/\/enkhuizensloephajo.hu\/\" class=\"more-link\">Read More <span class=\"screen-reader-text\">Home<\/span><\/a><\/p>\n","protected":false},"author":1,"featured_media":754,"parent":0,"menu_order":1,"comment_status":"closed","ping_status":"closed","template":"","meta":{"_coblocks_attr":"","_coblocks_dimensions":"","_coblocks_responsive_height":"","_coblocks_accordion_ie_support":"","footnotes":""},"class_list":["post-29","page","type-page","status-publish","has-post-thumbnail","hentry"],"_links":{"self":[{"href":"https:\/\/enkhuizensloephajo.hu\/index.php\/wp-json\/wp\/v2\/pages\/29","targetHints":{"allow":["GET"]}}],"collection":[{"href":"https:\/\/enkhuizensloephajo.hu\/index.php\/wp-json\/wp\/v2\/pages"}],"about":[{"href":"https:\/\/enkhuizensloephajo.hu\/index.php\/wp-json\/wp\/v2\/types\/page"}],"author":[{"embeddable":true,"href":"https:\/\/enkhuizensloephajo.hu\/index.php\/wp-json\/wp\/v2\/users\/1"}],"replies":[{"embeddable":true,"href":"https:\/\/enkhuizensloephajo.hu\/index.php\/wp-json\/wp\/v2\/comments?post=29"}],"version-history":[{"count":0,"href":"https:\/\/enkhuizensloephajo.hu\/index.php\/wp-json\/wp\/v2\/pages\/29\/revisions"}],"wp:featuredmedia":[{"embeddable":true,"href":"https:\/\/enkhuizensloephajo.hu\/index.php\/wp-json\/wp\/v2\/media\/754"}],"wp:attachment":[{"href":"https:\/\/enkhuizensloephajo.hu\/index.php\/wp-json\/wp\/v2\/media?parent=29"}],"curies":[{"name":"wp","href":"https:\/\/api.w.org\/{rel}","templated":true}]}}